14?
2, 3, 263, 521
What are the prime factors of 1099819?
7, 59, 2663
List the prime factors of 9783718.
2, 7, 137, 5101
List the prime factors of 17411836.
2, 13, 334843
What are the prime factors of 635020?
2, 5, 31751
What are the prime factors of 1114743?
3, 7, 109, 487
List the prime factors of 143675.
5, 7, 821
What are the prime factors of 213510?
2, 3, 5, 11, 647
What are the prime factors of 6078958?
2, 151, 20129
List the prime factors of 68082.
2, 3, 7, 1621
List the prime factors of 324.
2, 3
List the prime factors of 669415.
5, 23, 5821
List the prime factors of 127118.
2, 63559
What are the prime factors of 133483?
7, 19069
List the prime factors of 3200814.
2, 3, 177823
What are the prime factors of 553647?
3, 179, 1031
List the prime factors of 3950014.
2, 71, 27817
What are the prime factors of 529088?
2, 7, 1181
What are the prime factors of 9488105?
5, 11, 167, 1033
List the prime factors of 65879.
11, 53, 113
List the prime factors of 1794227.
19, 94433
What are the prime factors of 2734445?
5, 7, 11161
List the prime factors of 161024.
2, 17, 37
What are the prime factors of 14788457?
31, 477047
List the prime factors of 166515.
3, 5, 17, 653
List the prime factors of 287892.
2, 3, 11, 727
List the prime factors of 253786.
2, 13, 43, 227
List the prime factors of 111575.
5, 4463
List the prime factors of 1337703.
3, 23, 19387
List the prime factors of 1225713.
3, 47, 8693
What are the prime factors of 934529?
479, 1951
List the prime factors of 521719.
11, 43, 1103
What are the prime factors of 670781?
670781
List the prime factors of 2644225.
5, 105769
List the prime factors of 346243.
151, 2293
What are the prime factors of 165979?
11, 79, 191
What are the prime factors of 2191175?
5, 7, 19, 659
List the prime factors of 2266466.
2, 23, 29, 1699
What are the prime factors of 8176577?
2477, 3301
What are the prime factors of 3038342?
2, 17, 89363
List the prime factors of 7403377.
223, 33199
What are the prime factors of 21307741?
7, 13, 41, 5711
What are the prime factors of 5608274?
2, 7, 23, 17417
What are the prime factors of 139000?
2, 5, 139
What are the prime factors of 6726617?
431, 15607
List the prime factors of 2072482.
2, 19, 54539
What are the prime factors of 265075?
5, 23, 461
What are the prime factors of 577433?
59, 9787
What are the prime factors of 276831?
3, 10253
List the prime factors of 176754.
2, 3, 89, 331
List the prime factors of 498840.
2, 3, 5, 4157
What are the prime factors of 234529?
234529
What are the prime factors of 9310516?
2, 2327629
List the prime factors of 417489.
3, 317, 439
List the prime factors of 589970.
2, 5, 58997
List the prime factors of 6505637.
307, 21191
List the prime factors of 5083498.
2, 7, 331, 1097
What are the prime factors of 120740?
2, 5, 6037
List the prime factors of 12035923.
23, 271, 1931
What are the prime factors of 192959?
13, 14843
What are the prime factors of 651804?
2, 3, 29, 1873
List the prime factors of 687961.
687961
List the prime factors of 3369720.
2, 3, 5, 28081
List the prime factors of 3641665.
5, 728333
What are the prime factors of 375714?
2, 3, 20873
What are the prime factors of 38668991?
257, 379, 397
List the prime factors of 2850630.
2, 3, 5, 95021
List the prime factors of 551868.
2, 3, 45989
List the prime factors of 1941693.
3, 13, 49787
List the prime factors of 677645.
5, 313, 433
What are the prime factors of 4447469?
13, 29, 47, 251
What are the prime factors of 10211185?
5, 2042237
What are the prime factors of 94186?
2, 47093
What are the prime factors of 10411086?
2, 3, 7, 487, 509
What are the prime factors of 7117191?
3, 19, 41621
What are the prime factors of 23274775?
5, 930991
What are the prime factors of 1296120?
2, 3, 5, 7, 1543
What are the prime factors of 1935078?
2, 3, 322513
What are the prime factors of 260196?
2, 3, 21683
What are the prime factors of 4740263?
11, 17, 25349
What are the prime factors of 1159620?
2, 3, 5, 7, 11, 251
List the prime factors of 5165061.
3, 11, 281, 557
What are the prime factors of 983439?
3, 113, 967
List the prime factors of 11226131.
7, 19, 84407
List the prime factors of 7875188.
2, 1968797
What are the prime factors of 21689313?
3, 7229771
What are the prime factors of 18109872?
2, 3, 11, 37, 103
List the prime factors of 170907.
3, 11, 5179
What are the prime factors of 5558072?
2, 13, 4111
List the prime factors of 580753.
271, 2143
List the prime factors of 14556.
2, 3, 1213
List the prime factors of 978310.
2, 5, 19, 271
What are the prime factors of 5355265?
5, 1071053
What are the prime factors of 127385?
5, 73, 349
List the prime factors of 439206.
2, 3, 71, 1031
What are the prime factors of 1159820?
2, 5, 57991
What are the prime factors of 11574050?
2, 5, 231481
List the prime factors of 1568785.
5, 211, 1487
List the prime factors of 4990500.
2, 3, 5, 1109
List the prime factors of 1051336.
2, 11, 13, 919
What are the prime factors of 3676747?
19, 193513
What are the prime factors of 2262703?
43, 101, 521
List the prime factors of 193155.
3, 5, 79, 163
List the prime factors of 5408718.
2, 3, 7, 18397
What are the prime factors of 396367?
127, 3121
List the prime factors of 550720.
2, 5, 1721
What are the prime factors of 1587324?
2, 3, 17, 31, 251
What are the prime factors of 4270707?
3, 7, 67789
What are the prime factors of 492941?
61, 8081
What are the prime factors of 256010?
2, 5, 25601
What are the prime factors of 17135?
5, 23, 149
What are the prime factors of 20663443?
1217, 16979
List the prime factors of 624954.
2, 3, 11, 17, 557
What are the prime factors of 5989222?
2, 2994611
What are the prime factors of 2060840?
2, 5, 51521
List the prime factors of 13702117.
11, 13, 95819
What are the prime factors of 947993?
389, 2437
What are the prime factors of 1836658?
2, 918329
What are the prime factors of 274025?
5, 97, 113
List the prime factors of 3955378.
2, 7, 40361
What are the prime factors of 223550?
2, 5, 17, 263
What are the prime factors of 787994?
2, 393997
List the prime factors of 9819446.
2, 7, 13, 163, 331
What are the prime factors of 180617?
180617
What are the prime factors of 198182?
2, 197, 503
List the prime factors of 1772148.
2, 3, 7, 17, 73
List the prime factors of 2042860.
2, 5, 23, 4441
List the prime factors of 21255129.
3, 7, 19, 1973
What are the prime factors of 1723625?
5, 13789
What are the prime factors of 319760?
2, 5, 7, 571
List the prime factors of 364842.
2, 3, 20269
What are the prime factors of 1963411?
1963411
List the prime factors of 14935421.
313, 47717
What are the prime factors of 6721159?
6721159
What are the prime factors of 14276960?
2, 5, 89231
What are the prime factors of 1518437?
23, 107, 617
What are the prime factors of 919500?
2, 3, 5, 613
What are the prime factors of 568975?
5, 11, 2069
List the prime factors of 396916.
2, 13, 17, 449
List the prime factors of 5598731.
1433, 3907
What are the prime factors of 3736828?
2, 97, 9631
What are the prime factors of 93376?
2, 1459
List the prime factors of 29837225.
5, 11, 108499
What are the prime factors of 7062183?
3, 784687
List the prime factors of 10308865.
5, 7, 6011
What are the prime factors of 185124?
2, 3, 15427
What are the prime factors of 3094293?
3, 1031431
List the prime factors of 325638.
2, 3, 79, 229
List the prime factors of 9310493.
73, 127541
What are the prime factors of 9352454?
2, 4676227
List the prime factors of 1285981.
1285981
What are the prime factors of 229555?
5, 31, 1481
List the prime factors of 129896.
2, 13, 1249
List the prime factors of 169677.
3, 17, 1109
What are the prime factors of 20813293?
20813293
What are the prime factors of 1720784?
2, 13, 8273
List the prime factors of 130034.
2, 79, 823
What are the prime factors of 913004?
2, 228251
List the prime factors of 282661.
282661
List the prime factors of 212398.
2, 17, 6247
What are the prime factors of 4827794?
2, 503, 4799
List the prime factors of 8548274.
2, 7, 59, 79, 131
What are the prime factors of 1402962?
2, 3, 11, 29, 733
List the prime factors of 4009276.
2, 241, 4159
List the prime factors of 54071.
139, 389
What are the prime factors of 1799730?
2, 3, 5, 19997
List the prime factors of 27490811.
29, 947959
List the prime factors of 1578695